. Is (3 + 3/(-2))*o/(-12) a composite number?
False
Let z(v) = v**3 + 30*v**2 + 17*v + 25. Suppose 2*a - 87 = 3*y, 0 = -5*y + 3*a + 88 - 233. Is z(y) a prime number?
True
Suppose -m = -2*k - 25033, 5*k + 67578 - 5003 = 5*m. Is 66/(-110) + k/(-5) prime?
True
Let n be ((14798/(-2))/(-7))/(0 + -1). Let h = n + 1856. Is h a prime number?
False
Let b = 4082 + -5740. Is (0 - b) + 2 + -3 prime?
True
Let b(n) = n + 1. Let k(q) be the third derivative of 77*q**5/30 - 5*q**4/12 - q**3/2 + 19*q**2. Let x(j) = 6*b(j) + k(j). Is x(2) prime?
False
Suppose c - 22 = -1. Suppose -5*j - c + 51 = 0. Is (1 - (-5708)/j) + 14/21 composite?
False
Suppose -9*z = -8*z + 5*n + 24845, 3*z - n = -74567. Let s = -10362 - z. Is s a prime number?
False
Let q be (-6078)/(-1)*(1 - 3/(-9)). Suppose -6*o = -2*o - q. Is o prime?
False
Is (302 + 1)*(701/(-6))/(83/(-166)) a composite number?
True
Let v(b) = 9*b**3 + 19*b**2 + 76*b - 271. Is v(23) a composite number?
True
Suppose 16*y - 11 = -75. Is (-1*1)/(7/14588*y) a composite number?
False
Let q = 38 + -36. Let n be 1 + (-2)/q + 142. Suppose n = 4*m - 2*m. Is m a composite number?
False
Suppose -2*y + 30907 = -52*y + 27346757. Is y prime?
True
Suppose -16*c + 1161537 + 762191 = 0. Is c a composite number?
False
Suppose r = 4, 0*z + 48 = 3*z + 3*r. Suppose 13*m - z*m - 409 = 0. Is m prime?
True
Let z be 14/56 + 3/4. Is (5 + 14507 + 1)/z a prime number?
False
Let u(o) = -3*o**2 + 13*o. Let r be u(4). Let m(p) = 281*p**2 + 13*p - 13. Is m(r) a prime number?
False
Let b(r) = r - 14. Let f be b(20). Suppose f*a = -2 + 62. Is 26098/a - 8/10 a prime number?
True
Suppose -37*p = -32*p - 28390. Suppose -7*d + p + 14699 = 0. Is d a prime number?
False
Suppose 0 = -4*r + 25*r - 175280 - 926989. Is r a composite number?
False
Let x(a) = 847*a + 13. Suppose -3*g = b - 7 - 1, 2*g + 4 = -3*b. Is x(g) a composite number?
True
Is (-34)/(1326/351) - (-223216 - 0) a prime number?
True
Suppose 0 = -3*n - 2*d + 1039, 5*n + 6*d - 5*d - 1741 = 0. Is 6/(6 + 0) + 5 + n composite?
True
Let c(l) = -6 - 5 + 19 - 65*l. Let f be c(-4). Suppose -x = 3*x - f. Is x a composite number?
False
Let s = -9547 + 9549. Let y = -7324 + 13083. Suppose -3*b - s*j + y = 0, j + 5247 = 4*b - 2428. Is b a composite number?
True
Suppose 4*c + 11987 = 3*f, 140*c = -5*f + 144*c + 19965. Is f a composite number?
False
Let q(a) be the first derivative of 1539*a**2/2 + 7*a + 67. Is q(4) a composite number?
False
Suppose -4*o + 1153164 = -5*r + 9*r, -2*o + 576570 = -4*r. Is o a prime number?
False
Let p(f) be the second derivative of 16*f**4/3 + f**3/3 - 3*f**2/2 + 13*f. Let z be p(-2). Suppose -1770 = -3*t + z. Is t composite?
False
Let v = -270 - -278. Suppose -14020 = 5*a + 2*g - 69274, 2*g = a - 11058. Is (4/6)/(v/a) a composite number?
True
Let s(m) = 9*m - 14. Let x be s(3). Suppose 1887 = 5*t + 2*i, 1 - x = 3*i. Suppose -3*v - 3 = 3, 0 = -r + v + t. Is r a prime number?
False
Let l = 476114 + -247575. Is l a composite number?
False
Let g be -4 + -2 + 2 - (-12)/3. Suppose -4*l - 4*l + 3048 = g. Is l composite?
True
Let n(y) = -190*y**2 + 6*y - 27. Let x be n(5). Let z = x + 8512. Suppose -2*c + z = 3*c - 5*u, -2259 = -3*c + 5*u. Is c composite?
True
Suppose 5*y - 3*o - 669 = 2851, 5*o = 5*y - 3510. Let u = 75 + -45. Suppose y = 31*p - u*p. Is p a composite number?
True
Let c = -119 - -519. Suppose -30088 = -408*v + c*v. Is v prime?
True
Let t = 53 - 54. Let f(h) = -516*h**2 - 2*h - 1. Let y be f(t). Let v = -256 - y. Is v a composite number?
True
Is (7 + (14106496/12)/8 + -6)*15 a prime number?
False
Suppose -28*s - 100*s + 40*s = -199807960. Is s composite?
True
Let u(j) = -212*j - 1 + 433*j + 8 + 4004*j. Is u(2) a prime number?
False
Is 1*4*(28/(-112))/((-3)/847941) composite?
True
Let i = -8168 + 83301. Is i a composite number?
False
Let j = -820 - -407. Let m be 9/(-24) + (-17559)/24. Let r = j - m. Is r prime?
False
Let h be 1*(-4)/(-3)*228. Suppose 4*t + 0*t = 3*o - 467, -t = 2*o - h. Suppose 10*g = 13*g - o. Is g prime?
False
Suppose 0 = -5*o + 4*o + 3*d, -3*d = -5*o + 12. Suppose l = -2, -4*l + 186 = -o*g + 5*g. Suppose 2*w + 5*i = w + 28, -g = -4*w - 5*i. Is w a composite number?
False
Let n(u) = -u**3 + 22*u**2 - 38*u + 18. Suppose 95 = -4*d + 9*d. Is n(d) a prime number?
True
Let o = -177947 - -374908. Is o a prime number?
True
Let f(q) = -q**2 - 5*q + 52. Let g be f(5). Suppose 0 = -17*j + g*j + 24315. Is j prime?
True
Let r(n) = -269*n + 132. Let t be r(-5). Let j = t - 459. Is j prime?
False
Suppose -6*j = -10*j + 2*h + 472588, 5*j - 590735 = -4*h. Is j prime?
True
Let t(b) = -541*b - 9. Let k(a) = -1083*a - 20. Let r(l) = 3*k(l) - 7*t(l). Let s be (-6)/15 - (-7)/5. Is r(s) prime?
True
Let o be (1 - 1 - 14660)*(-38)/95. Let r = o - 3639. Suppose -3*a = 2*a - r. Is a a prime number?
False
Suppose 154*n + 58*n = 2870023 + 22741909. Is n a prime number?
True
Let o(i) = i**3 + 25*i**2 + 11*i + 19. Suppose 3 = -6*l - 3. Let g be (-4)/(-3)*(35/(-2) - l). Is o(g) composite?
False
Let c be (-3)/(-6) - (-17)/34. Is ((-71098)/(-8))/c + (-76)/304 a prime number?
True
Suppose -30 = -5*c, 228*c = -4*k + 231*c + 435434. Is k a prime number?
True
Let t = 107 - 104. Suppose -t*j - q + 17962 = 0, 0 = -14*j + 11*j - 5*q + 17942. Is j a prime number?
False
Let c = 189 - -13. Let d = c - 68. Is d prime?
False
Suppose -4*m = -m + 15. Let u be 91/m - (-1)/5. Let y = 31 - u. Is y a composite number?
True
Suppose 26277*w - 9700171 + 1621151 = 26257*w. Is w composite?
False
Let y = 7132 + 4645. Is y composite?
False
Suppose 0 = -71*r + 74*r - 254217. Is r prime?
False
Let y be 2*(-3)/(-3 + 0). Suppose -5*v + 4*v + 335 = 0. Suppose v = y*k - 395. Is k a prime number?
False
Is (-23)/((6/6 + 0)/((-18118)/2)) a composite number?
True
Suppose 769874 + 1054460 + 1437835 = 59*h. Is h prime?
True
Let c = -681 - -639. Is 4/c + (-4827750)/(-630) a composite number?
True
Is (-46)/(-6)*(-28710)/((-50)/5) - -2 a composite number?
False
Suppose -23*w + 26*w + 4*v = 510285, -170099 = -w - 2*v. Is w composite?
True
Let q = -214462 - -452879. Is q a prime number?
True
Suppose -5*m - 2*t + 329319 = 0, -172*m + 167*m + 2*t = -329351. Is m a composite number?
False
Let w = -33207 - -214364. Is w prime?
True
Suppose 53*u + 13013338 + 2741382 = 133*u. Is u a composite number?
True
Let r(d) = -10*d**3 - 38*d**2 - 125*d - 68. Is r(-19) a prime number?
True
Let h(i) = 235*i**2 - 116*i - 1259. Is h(-12) composite?
True
Let y = 88 - 72. Let c(o) = -o**3 + 24*o**2 - 10*o + 57. Is c(y) a composite number?
True
Suppose -5*f - 5*a - 15 = 0, 0 = 2*f - 5*a + 2*a + 1. Let w be (72/32)/(f/(-96)). Suppose -j + w = -11. Is j prime?
False
Suppose 9 - 5 = -c. Let b = c + 4. Let s(t) = -t**3 + t**2 - t + 453. Is s(b) composite?
True
Suppose o + 3*w = 11675 + 230465, -5*o + 1210609 = 2*w. Is o prime?
True
Let g(c) = -2340*c + 217. Let u(h) = -h**2 + 11*h - 23. Let b be u(9). Is g(b) a prime number?
False
Suppose 0 = -3*q + 3878 - 716. Suppose 305 = 5*p + 4*k - 9*k, -4*p - 2*k + 232 = 0. Suppose 7*z - q = p. Is z composite?
True
Suppose 0 = 5*n + 5*s - 79 - 51, -s + 104 = 4*n. Is 2 - -2 - n*(5 - 568) prime?
False
Is ((-1942271)/24 - (-3)/24)*-6 composite?
False
Let s be (-4878)/(-4)*-1*-4. Let c = 7019 + s. Is c a composite number?
False
Suppose 2*c + 1467 = -2375. Let p be ((-3)/(-2) - 2)*((-111118)/14 + -7). Let n = c + p. Is n a composite number?
True
Suppose -36*p - 3 = -37*p. Suppose p*a - 27622 = -11*a. Is a composite?
False
Suppose 123*r = 54*r + 634574 + 1473583. Is r a prime number?
True
Let u be 5/(-1 + (-1 - -3)). Let p(a) = 33 + 20 + u*a + 26. Is p(0) a composite number?
False
Let c(f) = 52*f**2 + 435*f + 37. Is c(34) composite?
True
Suppose -h - 10 = h, 17710 = o + 2*h. Suppose -2*m - 4*v + 19530 = -15862, -4*v = -m + o. Let q = -9185 + m. Is q a composite number?
True
Let y = 14369 + -14360. Let o(b) = -b**3. Let s(t) = -2*t**3 - 5*t**2 - 8*t + 7. Let h(n) = -3*o(n) + s(n). Is h(y) prime?
False
Let o be (3/((-3)/(-20)))/(-1). Let l be (o/(-18)*-3)/((-2)/(-6)). Is (2944 + -2)*l/(-20) composite?
False
Let g be 95595/25 + (-2)/(-10). Let r = 6543 - g. Is r a composite number?
False
Suppose 4*n + 2*c = 341758, -4*n - 606*c + 341760 = -602*c. Is n a composite number?
False
Let n(c) = c + 7. Let r be n(-3). Is (0 